0396033 composite?
True
Is 168456137 composite?
False
Is 553548587 composite?
True
Is 805858787 prime?
False
Is 1923759371 a composite number?
True
Is 13410781 a prime number?
False
Is 35165380847 composite?
True
Is 7740459821 a composite number?
False
Is 1048474361 prime?
False
Is 15980666003 a prime number?
True
Is 606179993 composite?
True
Is 52720239293 a composite number?
True
Is 7818590147 a composite number?
False
Is 1084727647 a prime number?
True
Is 6934969117 a composite number?
False
Is 3040650317 a composite number?
False
Is 881469647 a composite number?
False
Is 432716023 a composite number?
False
Is 617507801 prime?
False
Is 30469081541 prime?
True
Is 24285555157 composite?
False
Is 838020059 a prime number?
True
Is 5228319683 a prime number?
False
Is 50516995667 prime?
False
Is 98827195577 prime?
False
Is 1638457241 composite?
False
Is 7216486169 a prime number?
True
Is 3476191287 composite?
True
Is 5578854797 a composite number?
False
Is 752299993 composite?
True
Is 7222835573 a prime number?
False
Is 1711375271 prime?
True
Is 1065784661 composite?
True
Is 1927825567 a prime number?
True
Is 3343742117 a prime number?
False
Is 118515492767 a composite number?
True
Is 3147394759 composite?
False
Is 1748179847 a composite number?
False
Is 151780361 a composite number?
False
Is 1432718437 prime?
False
Is 471518741 a prime number?
False
Is 106271228599 prime?
False
Is 4588576717 a composite number?
False
Is 862752731 prime?
False
Is 1706635991 a prime number?
True
Is 776290633 composite?
False
Is 562480823 prime?
True
Is 680906771 composite?
False
Is 3799024811 prime?
True
Is 495639931 a prime number?
True
Is 191006723 a composite number?
False
Is 3928565099 a composite number?
True
Is 340674394207 a composite number?
True
Is 36160945741 a prime number?
True
Is 19864312367 a composite number?
False
Is 51292406021 composite?
False
Is 6469550089 a composite number?
False
Is 1530555371 prime?
False
Is 315447791 a composite number?
False
Is 1200195823 prime?
False
Is 212599787893 a composite number?
False
Is 1431790879 prime?
False
Is 1858256347 a prime number?
False
Is 163605053 composite?
True
Is 18799079331 composite?
True
Is 6296373199 prime?
True
Is 17559361289 prime?
True
Is 96147211493 a composite number?
True
Is 121685873 composite?
True
Is 156147510619 composite?
False
Is 301712197 a prime number?
False
Is 39127630769 a composite number?
False
Is 850932961 composite?
True
Is 4789731827 a composite number?
True
Is 28778091851 composite?
True
Is 3595298683 a prime number?
False
Is 3171083581 a prime number?
False
Is 11543971445 a prime number?
False
Is 149399472863 a prime number?
False
Is 1214275079 a prime number?
True
Is 11981524517 a prime number?
True
Is 42404287103 a prime number?
False
Is 110728817 prime?
False
Is 6561274987 a prime number?
False
Is 1439818337 a prime number?
True
Is 431611979 composite?
True
Is 12619384851 a prime number?
False
Is 769945950151 a composite number?
True
Is 6098774411 a composite number?
True
Is 6946873 a prime number?
False
Is 51490655399 prime?
False
Is 30144199 a prime number?
False
Is 4568459927 composite?
False
Is 3986518561 a prime number?
True
Is 3023230621 composite?
True
Is 12409354661 a prime number?
False
Is 261870611 a composite number?
False
Is 1150216967 prime?
True
Is 225134108629 composite?
False
Is 7550272967 a prime number?
True
Is 769681909 prime?
True
Is 4224929549 prime?
True
Is 1766380753 a prime number?
True
Is 521649417 a composite number?
True
Is 4715011451 composite?
False
Is 173722457213 prime?
False
Is 2064461999 composite?
False
Is 622598747 composite?
False
Is 430819289 composite?
True
Is 79767831149 composite?
False
Is 18823953901 a composite number?
True
Is 1359259247 a prime number?
True
Is 13540821653 composite?
True
Is 16584592183 a prime number?
False
Is 5560302089 prime?
True
Is 723154165 a prime number?
False
Is 5398659974 composite?
True
Is 573874961 a composite number?
True
Is 7886146537 a prime number?
True
Is 50157537713 prime?
True
Is 125216077 composite?
True
Is 172905089 a prime number?
False
Is 4458909446 composite?
True
Is 943175999143 prime?
False
Is 152714279 composite?
False
Is 32323814 a prime number?
False
Is 717184771 a composite number?
False
Is 34756926331 a prime number?
True
Is 2753553557 prime?
True
Is 11596104647 a prime number?
False
Is 34507776938 a prime number?
False
Is 6079085417 a composite number?
True
Is 753456233 prime?
True
Is 35627496871 composite?
True
Is 16878225431 a prime number?
False
Is 65989566507 a composite number?
True
Is 16980581129 prime?
True
Is 1598360953 a composite number?
True
Is 19663910785 a composite number?
True
Is 3112271293 a prime number?
True
Is 16456404761 composite?
True
Is 373512871 a composite number?
True
Is 640270859 a prime number?
True
Is 8571138547 composite?
True
Is 527303849 a composite number?
False
Is 61401364007 a composite number?
False
Is 1186363279 composite?
True
Is 9507777701 a prime number?
True
Is 10663079663 prime?
True
Is 22382593661 a composite number?
False
Is 114065887 a composite number?
True
Is 488034917 a prime number?
True
Is 11633879 a composite number?
False
Is 11601557819 prime?
True
Is 1922256883 a composite number?
False
Is 174719565739 a prime number?
False
Is 9113720911 a prime number?
True
Is 350552923 a prime number?
False
Is 1500059263 a composite number?
True
Is 59105857147 prime?
False
Is 3493002661 composite?
True
Is 280478069 a composite number?
False
Is 1182889327 a composite number?
True
Is 1581110753 a composite number?
True
Is 177805205 a composite number?
True
Is 1461745343 a prime number?
False
Is 693649889 a composite number?
True
Is 16490508911 a composite number?
False
Is 684803246 prime?
False
Is 23134783921 composite?
True
Is 1281579667 a composite number?
False
Is 4216500467 a composite number?
False
Is 762984655 a composite number?
True
Is 4426861429 a prime number?
True
Is 38459203 a prime number?
True
Is 221118907043 composite?
False
Is 62682698033 composite?
True
Is 17738124233 prime?
True
Is 12907973521 a prime number?
False
Is 29908327 prime?
True
Is 533786453 a composite number?
True
Is 160107097 prime?
True
Is 82247491 a prime number?
True
Is 42849914 a composite number?
True
Is 932490059 prime?
False
Is 16393722607 prime?
True
Is 29446171877 prime?
True
Is 2021139682 a composite number?
True
Is 134993891113 a composite number?
True
Is 112283000782 a composite number?
True
Is 302637902507 a prime number?
True
Is 3789215863 composite?
False
Is 79936223 composite?
False
Is 949056749 a composite number?
False
Is 3620795593 a composite number?
True
Is 439904774 a composite number?
True
Is 790262029 a prime number?
False
Is 90376047101 a composite number?
True
Is 538665487 a prime number?
False
Is 76107570493 a prime number?
True
Is 3082694051 prime?
True
Is 640669961 a composite number?
True
Is 908185363 a prime number?
True
Is 1635075529 composite?
False
Is 281049331 a composite number?
True
Is 2748041029 prime?
True
Is 1420996711 a composite number?
False
Is 319277027 a composite number?
False
Is 220708879 a prime number?
False
Is 3772552963 a prime number?
True
Is 7063728517 a prime number?
True
Is 2908438747 a composite number?
True
Is 13012136971 a prime number?
False
Is 1429122163 a prime number?
False
Is 1613888561 prime?
True
Is 17797679921 prime?
False
Is 498690277 prime?
True
Is 443895187 composite?
False
Is 5850258173 composite?
True
Is 13634576819 a composite number?
True
Is 2839708447 a composite number?
True
Is 39814949 prime?
False
Is 5750582159 a prime number?
False
Is 20964460763 a prime number?
True
Is 6121510381 a composite number?
True
Is 93865195826 a prime number?
False
Is 1808075671 prime?
True
Is 5242215017 prime?
False
Is 5205257699 composite?
False
Is 766772957 a composite number?
False
Is 74183061059 a prime number?
False
Is 68227660546 a composite number?
True
Is 6102918803 prime?
False
Is 37628229101 prime?
True
Is 17752807781 composite?
True
Is 4325949283 prime?
False
Is 1643040253 prime?
True
Is 4406203739 a composite number?
True
Is 8605454069 composite?
True
Is 15189771829 prime?
False
Is 65686939 a composite number?
True
Is 3948164203 a composite number?
False
Is 42670710755 composite?
True
Is 2646495